*d - 89. Let i be r(-6). Let g(c) = -c**2 + 5*c - 4. Let n be g(6). Is ((-483)/(-6))/((i/n)/7) a prime number?
False
Let f = 6347 - 3756. Let n = 6084 - f. Is n a prime number?
False
Suppose 5*t - 4*s = 452221 + 293486, 0 = -3*t - 4*s + 447437. Is t composite?
False
Let w(x) = 37 + 8*x**2 + 16 + 29*x + 4 + 3*x**2. Is w(-23) prime?
True
Let z(u) = -1438*u - 384. Let l(q) = -720*q - 191. Let a(h) = -5*l(h) + 2*z(h). Is a(13) a prime number?
False
Let m = 34255 + 27054. Is m a prime number?
False
Let y(f) = -43177*f + 2616. Is y(-5) composite?
True
Let o(y) = -13*y**2 - 18 - 14 - 16*y - 11*y**3 + 21. Is o(-12) prime?
True
Suppose 67*c - 35*c - 160 = 0. Suppose -c*q + 4*q - 46658 = -4*j, j - 5*q - 11655 = 0. Is j a composite number?
True
Let w(q) be the first derivative of 112*q**3/3 + 61*q**2/2 + 8*q + 250. Is w(-7) a prime number?
False
Let l = 221563 + -154784. Is l prime?
False
Suppose -495127 = 23*u - 1088417 - 713271. Is u a composite number?
False
Let w be (24/88)/((-1)/(-11)). Suppose 6*g - 5*s + 10427 = 10*g, -w*g + 7797 = -4*s. Is g composite?
True
Let u(q) = -707*q**3 + 15*q**2 + 11*q + 32. Is u(-5) a composite number?
True
Let t be -1*((-39)/(-1))/(-3). Let k(q) = 23*q**2 - 5*q - 59. Is k(t) a composite number?
True
Let t = -306 - -310. Suppose -t*s = -4, -3*u + 8*u - 26301 = 4*s. Is u prime?
True
Let c be (-242)/(-55) + 6/10. Suppose c*a - a - 1044 = -d, -a - 4125 = -4*d. Suppose -5*s + 5103 + d = 0. Is s a prime number?
False
Let h(c) be the third derivative of 37*c**5/30 - c**4/3 - 13*c**3/2 - 162*c**2. Is h(-7) prime?
True
Let o be -3 + 0 + (0 - -3). Suppose -48*q + 54*q - 120 = o. Is (-2874)/(-2)*20/q composite?
True
Let r be (2 - 82)*(-4 + 3). Let p be 5*-53*(-32)/r. Let j = p - -147. Is j prime?
False
Let l = 9 + -12. Is ((-7)/l)/((-3)/(-261)) a prime number?
False
Let o be (-38)/5 - (64/(-40) - -2). Let f(z) = 22*z**2 - 8*z + 9. Is f(o) a prime number?
True
Suppose -5*d - 3*m + 100 = 0, 2*d - 2*m - 41 = -1. Let g(b) = 3*b**2 + 7*b + 21. Is g(d) a prime number?
True
Let h = -16 + 20. Suppose -2*l = -3*p - 3*l - 21, 5*l - 47 = h*p. Is (-4)/p*0 - -713 prime?
False
Let f = 249254 + -88038. Suppose 5*w = 3*u + 138940, 0 = 4*w - 2*u + 50062 - f. Is w a composite number?
False
Let x(h) = h - 1. Let r be (7/2 - 2)/((-1)/2). Let c(k) = -2633*k**2 - 5*k + 5. Let u(y) = r*x(y) - c(y). Is u(1) a composite number?
False
Suppose -v = 14*t - 17*t - 174442, 0 = -4*t + 20. Is v composite?
False
Let u = 49 - 45. Suppose u*n + 9954 = 2*b, -n = 4*b + 2*n - 19941. Suppose -5*k + b + 722 = 0. Is k a prime number?
False
Let f(r) = -1 - 2*r + 0*r**2 - 5*r**3 + 2*r**2 + 4*r**3 - 4*r**2. Let v be f(-2). Suppose -5*j + v*j = -502. Is j a composite number?
False
Suppose 3*r + 15264 = -3*i + 2*i, -i + 10171 = -2*r. Let k = 7906 + r. Is k a prime number?
True
Let c(u) = u**2 - 17*u + 79. Let d be c(7). Is ((-3)/6)/(d/(-453942)) a prime number?
True
Suppose -10*t + 261681 + 163409 = 0. Is t a prime number?
True
Suppose 22*b + 675 = 19*b. Let d = 2758 - b. Is d a prime number?
False
Is 5250262/2 + 3374/241 prime?
False
Let a = 128855 - -32952. Is a a prime number?
True
Is 3837332/(((112/(-35))/(-8))/(3/15)) a composite number?
True
Let t(m) = -m**3 + m**2 + 19*m - 2. Let w be t(0). Suppose 0 = -5*x + 3*x. Is (-3684)/10*(x - (-5)/w) prime?
False
Let a = -138 + 132. Let x(n) = -22*n**2 + 6*n. Let g(w) = -w + 1. Let p(j) = -g(j) - x(j). Is p(a) prime?
True
Let r(y) be the third derivative of y**6/15 - y**5/6 + 5*y**4/24 + 13*y**3/6 + 14*y**2 - 9. Is r(7) composite?
True
Let s(g) = -g**3 + 3*g**2 - 3*g + 2. Let x be (-11)/(-4) + -1 - 1/(-4). Let h be s(x). Is -2 + h + 2 + 203 composite?
True
Suppose -16*z - 217 - 119 = 0. Is (z/6 + 2)*27756/(-81) a prime number?
False
Suppose 33*m = 2*m - 186. Is (m - -5)*(-33058)/2 a composite number?
False
Suppose v + 3*l = -6419, -3*l + 25751 = -6*v + 2*v. Let q = v - -11581. Is q a prime number?
True
Suppose 2*s - 9130 = -4*a, 0 = -2*a - 4*s + 7*s + 4545. Suppose 12*n + 2*z + a = 14*n, -5*n + 5709 = 4*z. Is n a prime number?
False
Is -6 - (1/(-2))/(-2 + (-88683)/(-44338)) a prime number?
False
Let h(q) = -12482*q**3 - 5*q**2 - 14*q + 45. Is h(-4) prime?
False
Is (-46*2/6)/(10/(-1199655)) - 4 composite?
True
Suppose 4*k - 16 = 0, 3*u - 16 = -2*u + k. Suppose j + 422 = 4*f + 3753, f - 13358 = -u*j. Suppose i = -8*i + j. Is i composite?
True
Suppose 14 = d + 3*x, 2*x + 6 + 13 = 5*d. Suppose 1170 + 5705 = d*f. Let b = -861 + f. Is b prime?
False
Is ((-30)/12)/(29/(-4118)) composite?
True
Let x(q) = -6*q**2 + 921*q - 52. Is x(77) a composite number?
False
Let z(c) = -182*c**2 + 11*c - 14 + 0 + 3 + 7564*c**2. Is z(1) composite?
True
Suppose 2*j - 3 = 4*o - 15, 2*j = o - 6. Let x(y) = -338*y**3 - 3*y**2 + 5*y - 6. Let s be x(o). Let v = s + 3799. Is v a prime number?
True
Let f be (-5)/(5*2/(-6)). Suppose 0 = 2*r - 5*p - 5846, 5*r - f*p = -0*p + 14615. Is r prime?
False
Let k = 17547 - 16232. Is k a composite number?
True
Let a = -113 - -102. Let d = -6 - a. Suppose 2235 = d*r - 3010. Is r composite?
False
Let s = 461237 - 283998. Is s composite?
False
Let b(v) be the third derivative of v**7/420 + v**6/45 - 17*v**5/120 + 13*v**4/24 + 5*v**3/3 + 17*v**2. Let z(i) be the first derivative of b(i). Is z(6) prime?
True
Is (40/(-4))/100*0 - -175403 composite?
False
Let r(b) = 5*b - 62. Let y(w) = w**3 - 30*w**2 + 2*w - 41. Let j be y(30). Is r(j) composite?
True
Let n = 30250 + 117699. Is n a composite number?
False
Is 52/(-8) - -5 - (2 - 1045779/14) composite?
True
Let v(t) be the first derivative of -13/2*t**2 + 34*t - 7*t**3 - 1/4*t**4 + 48. Is v(-21) composite?
False
Let g be (64/6)/(105/315). Suppose -500085 = -g*b + 23*b. Is b prime?
False
Is ((-16)/(-10)*20/(-8))/((-8)/186614) composite?
False
Let g be (1 - 4)/3 - -3. Let y be (142/(-2))/((-4)/76) + g. Let z = y + -944. Is z composite?
True
Let m = 181101 + -98012. Is m a composite number?
False
Let g(z) = 290*z**2 + 4. Let o be g(-2). Suppose 31 = 2*d + 5*s, -17 = d - 0*s - 4*s. Suppose p - o = -d*p. Is p prime?
False
Let b be 8/28 - (-13879)/7. Suppose -597 - 4098 = -15*j. Suppose -b = -2*i - j. Is i a prime number?
False
Let w = 3045576 + -2045303. Is w a prime number?
True
Suppose -2*c = 1 - 5. Suppose -4*h = -c*h - 4. Is (-2)/(-1*h/211) composite?
False
Is 3*1*(-14)/((-1218)/6409957) composite?
True
Suppose 4*q = 43*p - 45*p + 115626, -q + 5 = 0. Is p a composite number?
False
Let r(m) be the second derivative of -m**6/80 - m**5/60 + 9*m**4/4 + 31*m. Let j(i) be the third derivative of r(i). Is j(-1) a prime number?
True
Let m(s) = 157*s**2 - 4*s + 8. Let n = 116 - 113. Let k(v) = 6*v - 15. Let b be k(n). Is m(b) composite?
False
Suppose 9*i + 4*s + 155335 = 12*i, -3*s - 51785 = -i. Is i prime?
False
Let m = -54 + 11. Let b = 48 + m. Suppose -b*y + 1157 = -788. Is y a prime number?
True
Let z be (3 - (-1 + 8))/1. Is (2*(-3)/z)/((-216)/(-1907856)) a prime number?
True
Let j be 2 + -4 - -2 - (1 - 3). Suppose -4*o - 2 = j. Is o/((-1)/(-1))*(-139)/1 a composite number?
False
Is 32644 + -4 - ((10 + -7)/(-3) - -2) a prime number?
False
Let l(y) = -5*y**3 + 5*y**2 - 22*y + 1. Let c(u) = -9*u - 63. Let h be c(-6). Is l(h) a composite number?
True
Let b = 15901 - 15512. Is b a composite number?
False
Let n(c) be the second derivative of 12*c + 0 - 10/3*c**3 + 7/2*c**2. Is n(-9) a composite number?
True
Let t = -21573 + 42314. Suppose 3*p + t - 67548 = -2*d, 3*p - 46801 = d. Is p prime?
True
Let i = 4347515 - 2352196. Is i a composite number?
True
Let o = -5415 + -4166. Let z = o + 16078. Is z a composite number?
True
Let g(p) = p**3 - 12*p**2 - 10*p - 12. Let h be g(13). Suppose -15 - h = -7*j. Suppose 0 = -3*d - j*d + 23913. Is d a prime number?
True
Is (7/(112/24))/(15/926390) a prime number?
True
Let y(t) = 2*t**2 + 5*t. Let w be y(0). Suppose -11*k + 35133 - 6962 = w. Is k prime?
False
Suppose -4*o + 603 = 5*o. Let s = o - 62. Suppose 3*v - 9676 = s*f - 4*f, -5*v + 16155 = 4*f. Is v a prime number?
False
Is (-43)/(-2)*(-437074)/(165/(-15)) prime?
False
Let q(o) be the second derivative of -1/20*o**5 + 0 - 16*o + 3/2*o**2 - o**3 + 5/6*o**4. Is q(8) composite?
False
Let j be 2/((3/(-2373))/((-3)/6)). Let u = 1434 - j. Let p = 1110 - u. Is p composite?
False
Let p = -244849 + 51